e
Is 4637849 a prime number?
False
Is 1201114 a prime number?
False
Is 502681 prime?
False
Is 1549619 prime?
True
Is 9772517 prime?
False
Is 20776213 a prime number?
True
Is 273236927 a prime number?
False
Is 40144981 composite?
True
Is 2027131 prime?
False
Is 1050941 prime?
False
Is 1913683 composite?
False
Is 8294627 a composite number?
True
Is 37155401 composite?
True
Is 85291565 prime?
False
Is 31311647 a prime number?
True
Is 4741547 prime?
True
Is 113484557 a composite number?
False
Is 113140813 composite?
False
Is 4086413 a prime number?
True
Is 273604939 a composite number?
True
Is 3812647 a composite number?
False
Is 40256531 composite?
True
Is 159254639 a composite number?
False
Is 12150109 a prime number?
False
Is 4944637 composite?
True
Is 622219919 prime?
True
Is 287761 a prime number?
False
Is 25352167 a composite number?
True
Is 85513387 composite?
True
Is 6104261 prime?
True
Is 91767211 prime?
True
Is 30737219 a composite number?
False
Is 31719607 a prime number?
False
Is 130732593 a composite number?
True
Is 218617441 a composite number?
True
Is 60675431 a prime number?
False
Is 12632317 prime?
True
Is 37214503 a prime number?
True
Is 18800981 a composite number?
False
Is 23514577 prime?
True
Is 20811541 prime?
True
Is 39706403 a prime number?
False
Is 75750439 a prime number?
True
Is 743759449 a composite number?
False
Is 1048401041 a prime number?
True
Is 7015079 prime?
False
Is 1768591 composite?
True
Is 1723541 a composite number?
False
Is 347796047 a prime number?
False
Is 1193537 composite?
False
Is 14720495 a prime number?
False
Is 56238641 composite?
False
Is 651943 a prime number?
True
Is 507458053 composite?
False
Is 169977277 composite?
True
Is 1108751 prime?
False
Is 9714161 composite?
True
Is 32148013 a prime number?
True
Is 3495137 composite?
False
Is 5491507 a prime number?
False
Is 1753289 composite?
False
Is 246179 a prime number?
False
Is 59289 composite?
True
Is 4616747 composite?
False
Is 1008439 a composite number?
True
Is 1633007 a composite number?
False
Is 32286773 prime?
False
Is 18956039 composite?
True
Is 4806469 a composite number?
False
Is 6779849 a prime number?
True
Is 5978993 prime?
True
Is 13109673 composite?
True
Is 57004289 a prime number?
True
Is 560471 a composite number?
False
Is 3983341 prime?
True
Is 8324287 a prime number?
True
Is 197243 a prime number?
True
Is 12350147 a composite number?
True
Is 2690903 composite?
True
Is 36493777 a prime number?
False
Is 3925729 a composite number?
False
Is 14758199 composite?
True
Is 91851937 composite?
True
Is 490393 composite?
False
Is 148787 a composite number?
True
Is 30251491 composite?
True
Is 167548949 prime?
True
Is 116640311 a composite number?
False
Is 12310591 a prime number?
True
Is 104566123 prime?
True
Is 2182731 composite?
True
Is 11911619 a composite number?
False
Is 722576129 composite?
True
Is 860099 prime?
False
Is 5796397 a composite number?
False
Is 601488889 a prime number?
True
Is 480449587 prime?
False
Is 133605179 prime?
False
Is 9358633 a composite number?
False
Is 77970229 a composite number?
False
Is 7740833 a prime number?
True
Is 49449223 prime?
False
Is 1100123 prime?
True
Is 448043821 composite?
True
Is 46437449 prime?
True
Is 20392013 prime?
True
Is 2298503 prime?
True
Is 232292113 composite?
False
Is 527671 a prime number?
True
Is 73266443 a composite number?
True
Is 2604625969 a composite number?
True
Is 13659817 prime?
True
Is 2039221 prime?
True
Is 18012847 a composite number?
False
Is 102877063 prime?
True
Is 1829099 prime?
False
Is 1001647 composite?
True
Is 1292507 a prime number?
False
Is 4009009 composite?
True
Is 181620629 prime?
True
Is 723257 composite?
False
Is 561773 a composite number?
True
Is 1335233 a prime number?
True
Is 186748909 composite?
False
Is 386917 a prime number?
False
Is 10831537 prime?
True
Is 10705291 a prime number?
False
Is 1771283 prime?
True
Is 50295307 prime?
True
Is 6329447 a composite number?
False
Is 13874521 composite?
False
Is 11994787 prime?
False
Is 552407 a composite number?
True
Is 6513841 a prime number?
False
Is 2763169 composite?
False
Is 2974187 prime?
True
Is 978854 composite?
True
Is 342303011 prime?
False
Is 426211 a composite number?
False
Is 9849271 a composite number?
False
Is 12719849 prime?
True
Is 25116437 prime?
False
Is 20569331 a composite number?
True
Is 1361273 a prime number?
True
Is 2779459 prime?
False
Is 6771367 composite?
False
Is 913955963 composite?
False
Is 152056811 prime?
True
Is 32119151 a prime number?
False
Is 3333893 composite?
False
Is 878719 a prime number?
True
Is 2176807 composite?
False
Is 17992243 prime?
False
Is 52682021 a composite number?
True
Is 172907083 a prime number?
False
Is 5322827 prime?
False
Is 397038937 a prime number?
False
Is 26122867 a composite number?
False
Is 1422191 prime?
True
Is 22152187 prime?
True
Is 268169257 a prime number?
True
Is 3170603 a prime number?
True
Is 11781295 a prime number?
False
Is 90360541 a composite number?
False
Is 23147 prime?
False
Is 10533703 a composite number?
False
Is 61212887 composite?
True
Is 2354773 prime?
True
Is 112247249 composite?
True
Is 57498817 a composite number?
False
Is 328455713 prime?
True
Is 56883437 prime?
False
Is 3964117 composite?
False
Is 1789793 composite?
True
Is 16908197 a composite number?
True
Is 22056809 a composite number?
True
Is 237912643 composite?
False
Is 557387399 prime?
True
Is 2364563 prime?
True
Is 4436305 composite?
True
Is 5232817 prime?
False
Is 489713 prime?
False
Is 1346881 a prime number?
True
Is 681221 prime?
True
Is 72667303 prime?
True
Is 6967517 composite?
False
Is 815146 a composite number?
True
Is 1211147 a composite number?
True
Is 1273843 a prime number?
True
Is 86561855 a prime number?
False
Is 77021 prime?
False
Is 67745641 composite?
False
Is 1205021 composite?
True
Is 6641021 composite?
False
Is 1704763 a composite number?
False
Is 60871303 prime?
False
Is 2677559 a prime number?
True
Is 8630159 composite?
False
Is 1142369 prime?
False
Is 2169131 a prime number?
False
Is 89234126 a composite number?
True
Is 3376223 a composite number?
True
Is 5118941 prime?
False
Is 11488129 a composite number?
True
Is 25712563 a prime number?
True
Is 220317281 prime?
True
Is 865993 a prime number?
True
Is 107491477 a composite number?
True
Is 2887459 a composite number?
False
Is 3750767 prime?
True
Is 498703 a prime number?
False
Is 131669111 a composite number?
True
Is 6902971 composite?
False
Is 11541119 composite?
True
Is 276113 prime?
True
Is 85412039 prime?
True
Is 2414879 composite?
True
Is 24376339 a composite number?
True
Is 51601679 a prime number?
True
Is 1057117 a prime number?
True
Is 598915817 a composite number?
False
Is 3130663 composite?
False
Is 4676297 a composite number?
False
Is 6341993 composite?
True
Is 473741 a composite number?
False
Is 4540517 prime?
True
Is 50288831 a prime number?
True
Is 16809941 prime?
False
Is 753737 composite?
False
Is 42614543 composite?
True
Is 93675937 a composite number?
True
Is 6828693 composite?
True
Is 655157 composite?
False
Is 3714877 composite?
True
Is 2378093 composite?
True
Is 3004787 a composite number?
False
Is 14957801 prime?
False
Is 989466035 a prime number?
False
Is 4430689 prime?
True
Is 500729 prime?
True
Is 26115121 a composite number?
False
Is 233531 a prime number?
False
Is 5955943 a composite number?
True
Is 9583997 prime?
True
Is 2260823 a composite number?
False
Is 3496238 composite?
True
Is 23217681 composite?
True
Is 47184043 prime?
True
Is 15134477 a prime number?
True
Is 8660929 prime?
True
Is 37433497 prime?
True
Is 59465279 composite?
False
Is 1201141 composite?
False
Is 523263839 prime?
False
Is 588839 a prime number?
True
Is 11156867 a composite number?
False
Is 777991 a prime number?
False
Is 262924681 prime?
True
Is 67283 a prime number?
False
Is 983767 prime?
False
Is 110193077 composite?
False
Is 55976969 composite?
False
Is 58217343 composite?
True
Is 1511179 a prime number?
True
Is 418973 a composite number?
True
Is 63722957 composite?
False
Is 23213777 prime?
False
Is 8148829 a prime number?
False
Is 1153907 a composite number?
True
Is 21296231 composite?
True
Is 17198939 prime?
False
Is 410553359 composite?
True
Is 11261443 prime?
True
Is 25498885 a c